r of 462 and 14?
14
What is the greatest common factor of 128 and 128?
128
What is the highest common divisor of 9 and 27?
9
What is the greatest common factor of 1344 and 21?
21
What is the greatest common factor of 46 and 299?
23
What is the highest common factor of 215 and 5?
5
What is the greatest common divisor of 54 and 18?
18
What is the highest common divisor of 128 and 1136?
16
What is the highest common factor of 75 and 555?
15
Calculate the highest common divisor of 42 and 28.
14
Calculate the highest common divisor of 3 and 19.
1
Calculate the highest common divisor of 1883 and 231.
7
What is the highest common divisor of 656 and 64?
16
Calculate the highest common factor of 300 and 36.
12
What is the highest common factor of 25 and 2150?
25
Calculate the greatest common divisor of 26 and 64.
2
What is the greatest common divisor of 2667 and 21?
21
Calculate the highest common factor of 209 and 77.
11
What is the greatest common factor of 832 and 13?
13
What is the greatest common factor of 2420 and 440?
220
Calculate the greatest common divisor of 15 and 12.
3
What is the greatest common divisor of 8 and 188?
4
What is the highest common divisor of 5346 and 54?
54
Calculate the highest common divisor of 52 and 892.
4
What is the greatest common factor of 1020 and 8330?
170
Calculate the greatest common factor of 196 and 196.
196
Calculate the greatest common factor of 12 and 12.
12
Calculate the highest common divisor of 155 and 403.
31
Calculate the highest common factor of 3892 and 7.
7
What is the highest common factor of 2 and 3326?
2
What is the greatest common factor of 24 and 1832?
8
Calculate the greatest common factor of 11 and 44.
11
What is the highest common factor of 3520 and 16?
16
What is the greatest common divisor of 620 and 31?
31
Calculate the greatest common divisor of 5079 and 3.
3
What is the highest common divisor of 198 and 1122?
66
Calculate the greatest common factor of 1064 and 1216.
152
Calculate the greatest common factor of 58 and 203.
29
Calculate the highest common factor of 4383 and 9.
9
What is the greatest common divisor of 51748 and 34?
34
What is the greatest common divisor of 243 and 7209?
81
What is the greatest common factor of 144 and 1548?
36
Calculate the greatest common factor of 264 and 759.
33
Calculate the highest common factor of 56 and 72.
8
Calculate the highest common divisor of 84 and 1188.
12
What is the highest common divisor of 14966 and 14?
14
Calculate the highest common factor of 18 and 4590.
18
What is the greatest common factor of 16731 and 234?
117
Calculate the highest common divisor of 2867 and 61.
61
Calculate the greatest common divisor of 789 and 9.
3
Calculate the greatest common divisor of 119 and 51.
17
Calculate the greatest common factor of 12 and 956.
4
Calculate the highest common factor of 18 and 264.
6
Calculate the highest common divisor of 34 and 1258.
34
What is the highest common divisor of 366 and 6?
6
Calculate the highest common factor of 39 and 39.
39
Calculate the highest common factor of 30 and 1485.
15
What is the highest common factor of 24 and 2586?
6
What is the highest common divisor of 19 and 874?
19
What is the greatest common factor of 770 and 280?
70
What is the highest common divisor of 7 and 27?
1
What is the greatest common factor of 7006 and 124?
62
What is the highest common factor of 52 and 338?
26
Calculate the greatest common divisor of 636 and 156.
12
What is the highest common divisor of 38245 and 5?
5
Calculate the highest common divisor of 33 and 9.
3
Calculate the highest common divisor of 3478 and 282.
94
Calculate the greatest common factor of 54 and 414.
18
Calculate the greatest common divisor of 12 and 48.
12
What is the greatest common factor of 24 and 4752?
24
What is the highest common divisor of 26 and 338?
26
What is the highest common factor of 51 and 204?
51
What is the highest common factor of 62 and 54746?
62
What is the highest common divisor of 171 and 19?
19
What is the highest common divisor of 325 and 65?
65
Calculate the greatest common factor of 44118 and 6.
6
Calculate the highest common divisor of 49 and 21.
7
Calculate the greatest common divisor of 1370 and 40.
10
What is the highest common divisor of 7624 and 8?
8
What is the greatest common factor of 130 and 115?
5
What is the greatest common factor of 3567 and 870?
87
What is the greatest common divisor of 276 and 3726?
138
What is the greatest common divisor of 14 and 1246?
14
Calculate the highest common divisor of 6324 and 34.
34
What is the greatest common factor of 3 and 762?
3
What is the greatest common divisor of 22 and 946?
22
Calculate the highest common factor of 12 and 9.
3
What is the highest common divisor of 5 and 395?
5
Calculate the greatest common divisor of 41 and 1763.
41
Calculate the greatest common divisor of 89920 and 80.
80
Calculate the greatest common divisor of 9022 and 26.
26
What is the highest common divisor of 11 and 143?
11
What is the highest common divisor of 76 and 7619?
19
Calculate the greatest common divisor of 65 and 245.
5
Calculate the greatest common divisor of 2 and 134.
2
What is the highest common factor of 74 and 1221?
37
What is the greatest common factor of 19 and 38?
19
Calculate the greatest common factor of 81 and 6.
3
What is the greatest common divisor of 121 and 253?
11
What is the highest common factor of 58 and 11078?
58
Calculate the highest common divisor of 854 and 14.
14
What is the highest common divisor of 1185 and 3?
3
What is the highest common factor of 85 and 119?
17
Calculate the highest common factor of 168 and 42.
42
What is the greatest common divisor of 1197 and 63?
63
Calculate the highest common factor of 81 and 3.
3
What is the highest common divisor of 4683 and 21?
21
Calculate the greatest common factor of 86 and 1075.
43
What is the highest common divisor of 15 and 35?
5
What is the highest common divisor of 246 and 656?
82
What is the highest common factor of 200 and 1100?
100
Calculate the highest common divisor of 333 and 74.
37
What is the highest common factor of 340 and 140?
20
What is the greatest common factor of 520 and 2496?
104
What is the greatest common divisor of 276 and 84?
12
What is the greatest common divisor of 551 and 145?
29
What is the highest common factor of 66 and 300?
6
What is the highest common divisor of 3 and 159?
3
What is the highest common factor of 9202 and 43?
43
Calculate the highest common divisor of 12 and 76.
4
What is the greatest common divisor of 24 and 108?
12
Calculate the greatest common factor of 56048 and 248.
248
What is the highest common divisor of 2 and 29?
1
Calculate the greatest common divisor of 52 and 247.
13
What is the greatest common divisor of 2124 and 767?
59
What is the greatest common divisor of 716 and 4?
4
Calculate the highest common divisor of 544 and 32.
32
Calculate the highest common factor of 315 and 2583.
63
What is the greatest common factor of 45 and 657?
9
Calculate the highest common divisor of 25 and 3725.
25
Calculate the highest common divisor of 20 and 76.
4
Calculate the greatest common factor of 41 and 2911.
41
What is the highest common factor of 28 and 9?
1
What is the highest common divisor of 6474 and 143?
13
Calculate the greatest common factor of 2979 and 9.
9
What is the greatest common divisor of 864 and 36?
36
Calculate the greatest common divisor of 44 and 2404.
4
What is the highest common factor of 170 and 1955?
85
Calculate the highest common divisor of 3509 and 242.
121
What is the highest common divisor of 132 and 86?
2
What is the greatest common divisor of 1221 and 111?
111
What is the greatest common factor of 6 and 206?
2
What is the greatest common divisor of 88 and 319?
11
Calculate the greatest common divisor of 237 and 158.
79
Calculate the greatest common divisor of 560 and 4.
4
Calculate the highest common factor of 2014 and 76.
38
What is the greatest common factor of 40 and 90?
10
Calculate the highest common factor of 580 and 20.
20
Calculate the highest common divisor of 6758 and 310.
62
Calculate the highest common divisor of 19 and 16.
1
Calculate the greatest common factor of 34 and 2482.
34
What is the greatest common factor of 24 and 800?
8
Calculate th